{"id":332,"date":"2026-04-01T12:09:16","date_gmt":"2026-04-01T12:09:16","guid":{"rendered":"https:\/\/petparadise.azdigi.shop\/?post_type=product&#038;p=332"},"modified":"2026-04-01T12:29:38","modified_gmt":"2026-04-01T12:29:38","slug":"khay-ve-sinh-cho-meo-cao-cap-tang-xeng","status":"publish","type":"product","link":"https:\/\/petparadise.azdigi.shop\/index.php\/san-pham\/khay-ve-sinh-cho-meo-cao-cap-tang-xeng\/","title":{"rendered":"Khay V\u1ec7 Sinh Cho M\u00e8o Cao C\u1ea5p (T\u1eb7ng X\u1ebbng)"},"content":{"rendered":"<h1 data-path-to-node=\"10\">\ud83d\udc08 KHAY V\u1ec6 SINH CHO M\u00c8O CAO C\u1ea4P \u2013 S\u1ea0CH S\u1ebc V\u00c0 TI\u1ec6N L\u1ee2I<\/h1>\n<p data-path-to-node=\"11\"><b data-path-to-node=\"11\" data-index-in-node=\"0\">Khay v\u1ec7 sinh cho m\u00e8o cao c\u1ea5p<\/b> l\u00e0 v\u1eadt d\u1ee5ng kh\u00f4ng th\u1ec3 thi\u1ebfu. N\u00f3 gi\u00fap m\u00e8o c\u00f3 kh\u00f4ng gian ri\u00eang \u0111\u1ec3 \u0111i v\u1ec7 sinh. \u0110\u1ed3ng th\u1eddi, s\u1ea3n ph\u1ea9m gi\u00fap ng\u00f4i nh\u00e0 b\u1ea1n lu\u00f4n th\u01a1m tho. \u0110\u00e2y l\u00e0 l\u1ef1a ch\u1ecdn h\u00e0ng \u0111\u1ea7u cho nh\u1eefng ch\u1ee7 nu\u00f4i b\u1eadn r\u1ed9n.<\/p>\n<h3 data-path-to-node=\"12\">Thi\u1ebft k\u1ebf th\u00f4ng minh ch\u1ed1ng v\u0103ng c\u00e1t<\/h3>\n<p data-path-to-node=\"13\">Khay c\u00f3 ph\u1ea7n th\u00e0nh cao r\u1ea5t ch\u1eafc ch\u1eafn. Thi\u1ebft k\u1ebf n\u00e0y gi\u00fap ng\u0103n c\u00e1t b\u1ecb v\u0103ng ra s\u00e0n nh\u00e0. M\u00e8o c\u00f3 th\u1ec3 tho\u1ea3i m\u00e1i b\u1edbi c\u00e1t m\u00e0 kh\u00f4ng g\u00e2y b\u1ea9n. L\u00f2ng khay s\u00e2u gi\u00fap ch\u1ee9a \u0111\u01b0\u1ee3c l\u01b0\u1ee3ng c\u00e1t l\u1edbn. B\u1ea1n s\u1ebd ti\u1ebft ki\u1ec7m \u0111\u01b0\u1ee3c th\u1eddi gian d\u1ecdn d\u1eb9p m\u1ed7i ng\u00e0y.<\/p>\n<h3 data-path-to-node=\"14\">Ch\u1ea5t li\u1ec7u nh\u1ef1a PP cao c\u1ea5p v\u00e0 b\u1ec1n b\u1ec9<\/h3>\n<p data-path-to-node=\"15\">S\u1ea3n ph\u1ea9m \u0111\u01b0\u1ee3c l\u00e0m t\u1eeb nh\u1ef1a PP nguy\u00ean sinh. Ch\u1ea5t li\u1ec7u n\u00e0y r\u1ea5t an to\u00e0n cho s\u1ee9c kh\u1ecfe th\u00fa c\u01b0ng. B\u1ec1 m\u1eb7t khay nh\u1eb5n m\u1ecbn v\u00e0 kh\u00f4ng b\u00e1m m\u00f9i h\u00f4i. B\u1ea1n c\u00f3 th\u1ec3 d\u1ec5 d\u00e0ng lau ch\u00f9i ho\u1eb7c r\u1eeda b\u1eb1ng n\u01b0\u1edbc. Khay c\u00f3 \u0111\u1ed9 b\u1ec1n cao v\u00e0 kh\u00f4ng d\u1ec5 b\u1ecb n\u1ee9t v\u1ee1.<\/p>\n<h3 data-path-to-node=\"16\">T\u1eb7ng k\u00e8m x\u1ebbng x\u00fac c\u00e1t ti\u1ec7n l\u1ee3i<\/h3>\n<p data-path-to-node=\"17\">Khi mua khay, b\u1ea1n s\u1ebd \u0111\u01b0\u1ee3c t\u1eb7ng ngay m\u1ed9t chi\u1ebfc x\u1ebbng. X\u1ebbng c\u00f3 l\u1ed7 l\u1ecdc c\u00e1t th\u00f4ng minh v\u00e0 r\u1ea5t ch\u1eafc tay. Vi\u1ec7c d\u1ecdn d\u1eb9p ch\u1ea5t th\u1ea3i tr\u1edf n\u00ean nhanh ch\u00f3ng h\u01a1n bao gi\u1edd h\u1ebft. B\u1ed9 \u0111\u00f4i n\u00e0y l\u00e0 gi\u1ea3i ph\u00e1p v\u1ec7 sinh to\u00e0n di\u1ec7n cho m\u00e8o. S\u1ea3n ph\u1ea9m c\u00f3 nhi\u1ec1u m\u00e0u s\u1eafc hi\u1ec7n \u0111\u1ea1i \u0111\u1ec3 b\u1ea1n l\u1ef1a ch\u1ecdn.<\/p>\n<h3 data-path-to-node=\"18\">Th\u00f4ng s\u1ed1 k\u1ef9 thu\u1eadt chi ti\u1ebft<\/h3>\n<ul data-path-to-node=\"19\">\n<li>\n<p data-path-to-node=\"19,0,0\"><b data-path-to-node=\"19,0,0\" data-index-in-node=\"0\">T\u00ean s\u1ea3n ph\u1ea9m:<\/b> Khay v\u1ec7 sinh cho m\u00e8o cao c\u1ea5p.<\/p>\n<\/li>\n<li>\n<p data-path-to-node=\"19,1,0\"><b data-path-to-node=\"19,1,0\" data-index-in-node=\"0\">Ph\u1ee5 ki\u1ec7n:<\/b> T\u1eb7ng k\u00e8m 01 x\u1ebbng x\u00fac c\u00e1t.<\/p>\n<\/li>\n<li>\n<p data-path-to-node=\"19,2,0\"><b data-path-to-node=\"19,2,0\" data-index-in-node=\"0\">Ch\u1ea5t li\u1ec7u:<\/b> Nh\u1ef1a PP cao c\u1ea5p, kh\u00f4ng \u0111\u1ed9c h\u1ea1i.<\/p>\n<\/li>\n<li>\n<p data-path-to-node=\"19,3,0\"><b data-path-to-node=\"19,3,0\" data-index-in-node=\"0\">\u0110\u1ed1i t\u01b0\u1ee3ng:<\/b> D\u00e0nh cho m\u00e8o con v\u00e0 m\u00e8o tr\u01b0\u1edfng th\u00e0nh.<\/p>\n<\/li>\n<\/ul>\n<hr data-path-to-node=\"20\" \/>\n<h3 data-path-to-node=\"21\">\ud83d\uded2 MUA H\u00c0NG T\u1ea0I PET PARADISE<\/h3>\n<p data-path-to-node=\"22\">H\u00e3y gh\u00e9 <b data-path-to-node=\"22\" data-index-in-node=\"8\">Pet Paradise<\/b> \u0111\u1ec3 ch\u1ecdn m\u00e0u s\u1eafc y\u00eau th\u00edch cho b\u00e9 m\u00e8o. Ch\u00fang t\u00f4i lu\u00f4n s\u1eb5n s\u00e0ng t\u01b0 v\u1ea5n m\u1eabu khay ph\u00f9 h\u1ee3p nh\u1ea5t.\ud83d\udcde<a href=\"http:\/\/0776550001\"> <b data-path-to-node=\"23\" data-index-in-node=\"33\">Hotline<\/b><\/a><\/p>\n<p data-path-to-node=\"22\"><b data-path-to-node=\"23\" data-index-in-node=\"33\"><span style=\"font-size: 14.4px;\">#PetParadise #KhayVeSinhMeo #PhuKienThuCung #ChamSocMeo #VeSinhMeo #CatLitterBox #T\u1eb7ngX\u1ebbng #Nh\u1ef1aCaoC\u1ea5p<\/span>line<\/b><\/p>\n","protected":false},"excerpt":{"rendered":"<p><b data-path-to-node=\"6\" data-index-in-node=\"0\">Khay v\u1ec7 sinh cho m\u00e8o cao c\u1ea5p<\/b> l\u00e0 gi\u1ea3i ph\u00e1p gi\u1eef g\u00ecn kh\u00f4ng gian s\u1ed1ng s\u1ea1ch s\u1ebd. S\u1ea3n ph\u1ea9m c\u00f3 th\u00e0nh cao gi\u00fap ng\u0103n c\u00e1t v\u0103ng ra ngo\u00e0i.<\/p>\n","protected":false},"featured_media":333,"comment_status":"open","ping_status":"closed","template":"","meta":[],"product_brand":[],"product_cat":[34],"product_tag":[],"class_list":{"0":"post-332","1":"product","2":"type-product","3":"status-publish","4":"has-post-thumbnail","6":"product_cat-phu-kien-giai-tri","8":"first","9":"instock","10":"sale","11":"shipping-taxable","12":"purchasable","13":"product-type-simple"},"yoast_head":"<!-- This site is optimized with the Yoast SEO plugin v26.8 - https:\/\/yoast.com\/product\/yoast-seo-wordpress\/ -->\n<title>Khay V\u1ec7 Sinh Cho M\u00e8o Cao C\u1ea5p (T\u1eb7ng X\u1ebbng) - PETPARADISE<\/title>\n<meta name=\"description\" content=\"Khay v\u1ec7 sinh cho m\u00e8o cao c\u1ea5p t\u1eb7ng k\u00e8m x\u1ebbng thi\u1ebft k\u1ebf hi\u1ec7n \u0111\u1ea1i, ch\u1ed1ng v\u0103ng c\u00e1t hi\u1ec7u qu\u1ea3. Ch\u1ea5t li\u1ec7u nh\u1ef1a PP an to\u00e0n, b\u1ec1n b\u1ec9 v\u00e0 d\u1ec5 d\u00e0ng v\u1ec7 sinh.\" \/>\n<meta name=\"robots\" content=\"index, follow, max-snippet:-1, max-image-preview:large, max-video-preview:-1\" \/>\n<link rel=\"canonical\" href=\"https:\/\/petparadise.azdigi.shop\/index.php\/san-pham\/khay-ve-sinh-cho-meo-cao-cap-tang-xeng\/\" \/>\n<meta property=\"og:locale\" content=\"vi_VN\" \/>\n<meta property=\"og:type\" content=\"article\" \/>\n<meta property=\"og:title\" content=\"Khay V\u1ec7 Sinh Cho M\u00e8o Cao C\u1ea5p (T\u1eb7ng X\u1ebbng) - PETPARADISE\" \/>\n<meta property=\"og:description\" content=\"Khay v\u1ec7 sinh cho m\u00e8o cao c\u1ea5p t\u1eb7ng k\u00e8m x\u1ebbng thi\u1ebft k\u1ebf hi\u1ec7n \u0111\u1ea1i, ch\u1ed1ng v\u0103ng c\u00e1t hi\u1ec7u qu\u1ea3. Ch\u1ea5t li\u1ec7u nh\u1ef1a PP an to\u00e0n, b\u1ec1n b\u1ec9 v\u00e0 d\u1ec5 d\u00e0ng v\u1ec7 sinh.\" \/>\n<meta property=\"og:url\" content=\"https:\/\/petparadise.azdigi.shop\/index.php\/san-pham\/khay-ve-sinh-cho-meo-cao-cap-tang-xeng\/\" \/>\n<meta property=\"og:site_name\" content=\"PETPARADISE\" \/>\n<meta property=\"article:modified_time\" content=\"2026-04-01T12:29:38+00:00\" \/>\n<meta property=\"og:image\" content=\"https:\/\/petparadise.azdigi.shop\/wp-content\/uploads\/2026\/04\/khay-ve-sinh-meo-2-mau-48x40cm-f9e0babb4ac2.webp\" \/>\n\t<meta property=\"og:image:width\" content=\"800\" \/>\n\t<meta property=\"og:image:height\" content=\"800\" \/>\n\t<meta property=\"og:image:type\" content=\"image\/webp\" \/>\n<meta name=\"twitter:card\" content=\"summary_large_image\" \/>\n<meta name=\"twitter:label1\" content=\"\u01af\u1edbc t\u00ednh th\u1eddi gian \u0111\u1ecdc\" \/>\n\t<meta name=\"twitter:data1\" content=\"2 ph\u00fat\" \/>\n<script type=\"application\/ld+json\" class=\"yoast-schema-graph\">{\"@context\":\"https:\/\/schema.org\",\"@graph\":[{\"@type\":\"WebPage\",\"@id\":\"https:\/\/petparadise.azdigi.shop\/index.php\/san-pham\/khay-ve-sinh-cho-meo-cao-cap-tang-xeng\/\",\"url\":\"https:\/\/petparadise.azdigi.shop\/index.php\/san-pham\/khay-ve-sinh-cho-meo-cao-cap-tang-xeng\/\",\"name\":\"Khay V\u1ec7 Sinh Cho M\u00e8o Cao C\u1ea5p (T\u1eb7ng X\u1ebbng) - PETPARADISE\",\"isPartOf\":{\"@id\":\"https:\/\/petparadise.azdigi.shop\/#website\"},\"primaryImageOfPage\":{\"@id\":\"https:\/\/petparadise.azdigi.shop\/index.php\/san-pham\/khay-ve-sinh-cho-meo-cao-cap-tang-xeng\/#primaryimage\"},\"image\":{\"@id\":\"https:\/\/petparadise.azdigi.shop\/index.php\/san-pham\/khay-ve-sinh-cho-meo-cao-cap-tang-xeng\/#primaryimage\"},\"thumbnailUrl\":\"https:\/\/petparadise.azdigi.shop\/wp-content\/uploads\/2026\/04\/khay-ve-sinh-meo-2-mau-48x40cm-f9e0babb4ac2.webp\",\"datePublished\":\"2026-04-01T12:09:16+00:00\",\"dateModified\":\"2026-04-01T12:29:38+00:00\",\"description\":\"Khay v\u1ec7 sinh cho m\u00e8o cao c\u1ea5p t\u1eb7ng k\u00e8m x\u1ebbng thi\u1ebft k\u1ebf hi\u1ec7n \u0111\u1ea1i, ch\u1ed1ng v\u0103ng c\u00e1t hi\u1ec7u qu\u1ea3. Ch\u1ea5t li\u1ec7u nh\u1ef1a PP an to\u00e0n, b\u1ec1n b\u1ec9 v\u00e0 d\u1ec5 d\u00e0ng v\u1ec7 sinh.\",\"breadcrumb\":{\"@id\":\"https:\/\/petparadise.azdigi.shop\/index.php\/san-pham\/khay-ve-sinh-cho-meo-cao-cap-tang-xeng\/#breadcrumb\"},\"inLanguage\":\"vi\",\"potentialAction\":[{\"@type\":\"ReadAction\",\"target\":[\"https:\/\/petparadise.azdigi.shop\/index.php\/san-pham\/khay-ve-sinh-cho-meo-cao-cap-tang-xeng\/\"]}]},{\"@type\":\"ImageObject\",\"inLanguage\":\"vi\",\"@id\":\"https:\/\/petparadise.azdigi.shop\/index.php\/san-pham\/khay-ve-sinh-cho-meo-cao-cap-tang-xeng\/#primaryimage\",\"url\":\"https:\/\/petparadise.azdigi.shop\/wp-content\/uploads\/2026\/04\/khay-ve-sinh-meo-2-mau-48x40cm-f9e0babb4ac2.webp\",\"contentUrl\":\"https:\/\/petparadise.azdigi.shop\/wp-content\/uploads\/2026\/04\/khay-ve-sinh-meo-2-mau-48x40cm-f9e0babb4ac2.webp\",\"width\":800,\"height\":800},{\"@type\":\"BreadcrumbList\",\"@id\":\"https:\/\/petparadise.azdigi.shop\/index.php\/san-pham\/khay-ve-sinh-cho-meo-cao-cap-tang-xeng\/#breadcrumb\",\"itemListElement\":[{\"@type\":\"ListItem\",\"position\":1,\"name\":\"Trang ch\u1ee7\",\"item\":\"https:\/\/petparadise.azdigi.shop\/\"},{\"@type\":\"ListItem\",\"position\":2,\"name\":\"Mua s\u1eafm\",\"item\":\"https:\/\/petparadise.azdigi.shop\/index.php\/mua-sam-2\/\"},{\"@type\":\"ListItem\",\"position\":3,\"name\":\"Khay V\u1ec7 Sinh Cho M\u00e8o Cao C\u1ea5p (T\u1eb7ng X\u1ebbng)\"}]},{\"@type\":\"WebSite\",\"@id\":\"https:\/\/petparadise.azdigi.shop\/#website\",\"url\":\"https:\/\/petparadise.azdigi.shop\/\",\"name\":\"PETPARADISE\",\"description\":\"\",\"potentialAction\":[{\"@type\":\"SearchAction\",\"target\":{\"@type\":\"EntryPoint\",\"urlTemplate\":\"https:\/\/petparadise.azdigi.shop\/?s={search_term_string}\"},\"query-input\":{\"@type\":\"PropertyValueSpecification\",\"valueRequired\":true,\"valueName\":\"search_term_string\"}}],\"inLanguage\":\"vi\"}]}<\/script>\n<!-- \/ Yoast SEO plugin. -->","yoast_head_json":{"title":"Khay V\u1ec7 Sinh Cho M\u00e8o Cao C\u1ea5p (T\u1eb7ng X\u1ebbng) - PETPARADISE","description":"Khay v\u1ec7 sinh cho m\u00e8o cao c\u1ea5p t\u1eb7ng k\u00e8m x\u1ebbng thi\u1ebft k\u1ebf hi\u1ec7n \u0111\u1ea1i, ch\u1ed1ng v\u0103ng c\u00e1t hi\u1ec7u qu\u1ea3. Ch\u1ea5t li\u1ec7u nh\u1ef1a PP an to\u00e0n, b\u1ec1n b\u1ec9 v\u00e0 d\u1ec5 d\u00e0ng v\u1ec7 sinh.","robots":{"index":"index","follow":"follow","max-snippet":"max-snippet:-1","max-image-preview":"max-image-preview:large","max-video-preview":"max-video-preview:-1"},"canonical":"https:\/\/petparadise.azdigi.shop\/index.php\/san-pham\/khay-ve-sinh-cho-meo-cao-cap-tang-xeng\/","og_locale":"vi_VN","og_type":"article","og_title":"Khay V\u1ec7 Sinh Cho M\u00e8o Cao C\u1ea5p (T\u1eb7ng X\u1ebbng) - PETPARADISE","og_description":"Khay v\u1ec7 sinh cho m\u00e8o cao c\u1ea5p t\u1eb7ng k\u00e8m x\u1ebbng thi\u1ebft k\u1ebf hi\u1ec7n \u0111\u1ea1i, ch\u1ed1ng v\u0103ng c\u00e1t hi\u1ec7u qu\u1ea3. Ch\u1ea5t li\u1ec7u nh\u1ef1a PP an to\u00e0n, b\u1ec1n b\u1ec9 v\u00e0 d\u1ec5 d\u00e0ng v\u1ec7 sinh.","og_url":"https:\/\/petparadise.azdigi.shop\/index.php\/san-pham\/khay-ve-sinh-cho-meo-cao-cap-tang-xeng\/","og_site_name":"PETPARADISE","article_modified_time":"2026-04-01T12:29:38+00:00","og_image":[{"width":800,"height":800,"url":"https:\/\/petparadise.azdigi.shop\/wp-content\/uploads\/2026\/04\/khay-ve-sinh-meo-2-mau-48x40cm-f9e0babb4ac2.webp","type":"image\/webp"}],"twitter_card":"summary_large_image","twitter_misc":{"\u01af\u1edbc t\u00ednh th\u1eddi gian \u0111\u1ecdc":"2 ph\u00fat"},"schema":{"@context":"https:\/\/schema.org","@graph":[{"@type":"WebPage","@id":"https:\/\/petparadise.azdigi.shop\/index.php\/san-pham\/khay-ve-sinh-cho-meo-cao-cap-tang-xeng\/","url":"https:\/\/petparadise.azdigi.shop\/index.php\/san-pham\/khay-ve-sinh-cho-meo-cao-cap-tang-xeng\/","name":"Khay V\u1ec7 Sinh Cho M\u00e8o Cao C\u1ea5p (T\u1eb7ng X\u1ebbng) - PETPARADISE","isPartOf":{"@id":"https:\/\/petparadise.azdigi.shop\/#website"},"primaryImageOfPage":{"@id":"https:\/\/petparadise.azdigi.shop\/index.php\/san-pham\/khay-ve-sinh-cho-meo-cao-cap-tang-xeng\/#primaryimage"},"image":{"@id":"https:\/\/petparadise.azdigi.shop\/index.php\/san-pham\/khay-ve-sinh-cho-meo-cao-cap-tang-xeng\/#primaryimage"},"thumbnailUrl":"https:\/\/petparadise.azdigi.shop\/wp-content\/uploads\/2026\/04\/khay-ve-sinh-meo-2-mau-48x40cm-f9e0babb4ac2.webp","datePublished":"2026-04-01T12:09:16+00:00","dateModified":"2026-04-01T12:29:38+00:00","description":"Khay v\u1ec7 sinh cho m\u00e8o cao c\u1ea5p t\u1eb7ng k\u00e8m x\u1ebbng thi\u1ebft k\u1ebf hi\u1ec7n \u0111\u1ea1i, ch\u1ed1ng v\u0103ng c\u00e1t hi\u1ec7u qu\u1ea3. Ch\u1ea5t li\u1ec7u nh\u1ef1a PP an to\u00e0n, b\u1ec1n b\u1ec9 v\u00e0 d\u1ec5 d\u00e0ng v\u1ec7 sinh.","breadcrumb":{"@id":"https:\/\/petparadise.azdigi.shop\/index.php\/san-pham\/khay-ve-sinh-cho-meo-cao-cap-tang-xeng\/#breadcrumb"},"inLanguage":"vi","potentialAction":[{"@type":"ReadAction","target":["https:\/\/petparadise.azdigi.shop\/index.php\/san-pham\/khay-ve-sinh-cho-meo-cao-cap-tang-xeng\/"]}]},{"@type":"ImageObject","inLanguage":"vi","@id":"https:\/\/petparadise.azdigi.shop\/index.php\/san-pham\/khay-ve-sinh-cho-meo-cao-cap-tang-xeng\/#primaryimage","url":"https:\/\/petparadise.azdigi.shop\/wp-content\/uploads\/2026\/04\/khay-ve-sinh-meo-2-mau-48x40cm-f9e0babb4ac2.webp","contentUrl":"https:\/\/petparadise.azdigi.shop\/wp-content\/uploads\/2026\/04\/khay-ve-sinh-meo-2-mau-48x40cm-f9e0babb4ac2.webp","width":800,"height":800},{"@type":"BreadcrumbList","@id":"https:\/\/petparadise.azdigi.shop\/index.php\/san-pham\/khay-ve-sinh-cho-meo-cao-cap-tang-xeng\/#breadcrumb","itemListElement":[{"@type":"ListItem","position":1,"name":"Trang ch\u1ee7","item":"https:\/\/petparadise.azdigi.shop\/"},{"@type":"ListItem","position":2,"name":"Mua s\u1eafm","item":"https:\/\/petparadise.azdigi.shop\/index.php\/mua-sam-2\/"},{"@type":"ListItem","position":3,"name":"Khay V\u1ec7 Sinh Cho M\u00e8o Cao C\u1ea5p (T\u1eb7ng X\u1ebbng)"}]},{"@type":"WebSite","@id":"https:\/\/petparadise.azdigi.shop\/#website","url":"https:\/\/petparadise.azdigi.shop\/","name":"PETPARADISE","description":"","potentialAction":[{"@type":"SearchAction","target":{"@type":"EntryPoint","urlTemplate":"https:\/\/petparadise.azdigi.shop\/?s={search_term_string}"},"query-input":{"@type":"PropertyValueSpecification","valueRequired":true,"valueName":"search_term_string"}}],"inLanguage":"vi"}]}},"_links":{"self":[{"href":"https:\/\/petparadise.azdigi.shop\/index.php\/wp-json\/wp\/v2\/product\/332","targetHints":{"allow":["GET"]}}],"collection":[{"href":"https:\/\/petparadise.azdigi.shop\/index.php\/wp-json\/wp\/v2\/product"}],"about":[{"href":"https:\/\/petparadise.azdigi.shop\/index.php\/wp-json\/wp\/v2\/types\/product"}],"replies":[{"embeddable":true,"href":"https:\/\/petparadise.azdigi.shop\/index.php\/wp-json\/wp\/v2\/comments?post=332"}],"wp:featuredmedia":[{"embeddable":true,"href":"https:\/\/petparadise.azdigi.shop\/index.php\/wp-json\/wp\/v2\/media\/333"}],"wp:attachment":[{"href":"https:\/\/petparadise.azdigi.shop\/index.php\/wp-json\/wp\/v2\/media?parent=332"}],"wp:term":[{"taxonomy":"product_brand","embeddable":true,"href":"https:\/\/petparadise.azdigi.shop\/index.php\/wp-json\/wp\/v2\/product_brand?post=332"},{"taxonomy":"product_cat","embeddable":true,"href":"https:\/\/petparadise.azdigi.shop\/index.php\/wp-json\/wp\/v2\/product_cat?post=332"},{"taxonomy":"product_tag","embeddable":true,"href":"https:\/\/petparadise.azdigi.shop\/index.php\/wp-json\/wp\/v2\/product_tag?post=332"}],"curies":[{"name":"wp","href":"https:\/\/api.w.org\/{rel}","templated":true}]}}